(i) = 6*p(i) - 17*w(i). Let t(a) = -a**2 - 6*a + 10. Let g be t(-11). Let x be (g/6)/3*2. Give b(x).
2
Let b(u) = -12*u - 1. Let f be 49/(-35) - 2/(-5). Determine b(f).
11
Let p(l) = 4*l**2 + 10*l + 6. Let h(t) = -t**2 - t + 1. Let q(g) = 3*h(g) + p(g). What is q(-6)?
3
Suppose -3*n = 4*l, -5*n = -4*n + 3*l. Suppose 2*p - 4 = -n. Let z(s) = -5 - s + 4 + 3*s**p + s**2. Give z(-1).
4
Let z(k) = 5*k + 18. Let r(h) = -2*h - 9. Let b(c) = -9*r(c) - 4*z(c). Let i be (9/(-5))/((-9)/30). Determine b(i).
-3
Let x(h) = -h**3 + 7*h**2 - h + 8. Let y be x(7). Suppose -4*o + y = -7. Let m(c) = -o + c**2 - 4*c + 0 + 3*c + c**3. Determine m(-2).
-4
Let z(l) be the third derivative of l**4/8 + l**3/6 + 3*l**2. Calculate z(-1).
-2
Let c(t) = t**3 + 5*t**2 + 6*t + 6. Suppose -3*y = -5*y. Suppose -5*l + 3*r = -36, y*l - 10 = -2*l - r. Suppose 3*k + 3*x = l*k + 6, 4*k - 2*x = -12. Give c(k).
-2
Let g(b) = -1 + 2*b + 1 + 3. Calculate g(5).
13
Let h(g) = -g**2 + 6*g - 2. Let q = 112 + -35. Let w be (-1)/(-3) + q/3. Suppose 5*i + 6 = w. Calculate h(i).
6
Let u(d) = 2*d + 2*d - 2*d - d + 5. What is u(0)?
5
Let r(t) = 2*t**3 - t**2 - 2*t + 1. Let l(c) = c**3 - c**2 - c + 1. Let n(i) = -l(i) + r(i). Determine n(-2).
-6
Suppose 0 = 5*t - t - 8. Let l(v) = -v + 45*v**2 + 12 - 21*v**2 - 23*v**t + v**3. Calculate l(0).
12
Let t = 11 + -16. Let m(w) = w**2 + 8*w + 6. What is m(t)?
-9
Suppose 8 = -2*i - r + 4*r, 0 = -2*i + 5*r. Let u be 3 - 2/((-4)/i). Let n(a) = a**2 + 2*a + 1. Determine n(u).
1
Let o(y) = -y**3 + 4*y**2 + 8*y - 2. Let g(r) = 5*r**3 - 15*r**2 - 33*r + 9. Let j(z) = -2*g(z) - 9*o(z). Determine j(-4).
-8
Let m(w) = 6*w. Let g(l) = -l + 1. Let n(v) = -4*g(v) - m(v). Let b(p) = p**3 + 6*p**2 - 6*p - 6. Let h be b(-7). Let i = h + 9. Give n(i).
4
Let w(i) be the third derivative of 11*i**4/24 + i**3/6 - 12*i**2 - 1. Suppose 2*p + 9 = 5*p. Suppose p*m - 5*v + 3*v + 5 = 0, 0 = 5*m - 3*v + 8. Give w(m).
-10
Let j(r) = -3*r + 15 - 10 - r + r. Calculate j(5).
-10
Let x(f) be the third derivative of f**5/60 - f**4/4 + f**3/6 - f**2. Let g(k) = -k**3 + 18*k**2 - 16*k - 11. Let h be g(17). Give x(h).
1
Suppose -7*d = -3*d - 24. Suppose 5 = -5*g, -2*x - 2 - 8 = 4*g. Let r(y) = -y**2 - y + 1. Let c(h) = 4*h**2 - 3*h + 2. Let v(f) = x*r(f) - c(f). What is v(d)?
-5
Let d(w) = -3*w - 8. Let s(v) = -3*v - 9. Let t(i) = 7*d(i) - 6*s(i). Calculate t(-7).
19
Let v(t) = -2*t**2 - 2*t + 1. Let n(q) = q**2 - 5*q + 3. Let o be n(5). Suppose o*s + 4 = s. What is v(s)?
-3
Let n(f) be the third derivative of -f**6/120 + f**5/60 - f**3/6 - 8*f**2. Give n(-1).
1
Let l = 24 - 19. Let t(a) = -a**3 + 6*a**2 - 3*a - 7. Determine t(l).
3
Let b(j) be the third derivative of 1/24*j**4 - 1/3*j**3 + 0*j + 2*j**2 + 0. Calculate b(4).
2
Let t(c) be the first derivative of -c**3/3 - 4*c**2 - 4*c - 45. Calculate t(-5).
11
Let p(f) = 0*f**3 + 3*f**3 - 9*f**2 - 2*f**3 + 1 + 0*f**2 - f. Give p(9).
-8
Let x(k) = k**3 + k**2 - k + 1. Let h(a) = 4*a**3 - a**2 - 2*a + 4. Let s(l) = -h(l) + 3*x(l). Let o(v) = v + 1. Let p be o(3). Calculate s(p).
-5
Let d(x) be the first derivative of -x**2/2 + x - 23. Determine d(6).
-5
Let q = 5 + -1. Suppose -22*s + 16*s = 0. Suppose s*o + q*o = -12. Let z(p) = -p**2 - 5*p + 2. Calculate z(o).
8
Let k(z) = z - 6. Let y = -22 - -22. Give k(y).
-6
Let a(p) = 6*p**2 + p. Suppose m = 5*m + 4. Let k = m - -2. What is a(k)?
7
Let h(p) = -5*p + 4. Let i(x) = -5*x + 3. Let k(l) = -4*h(l) + 5*i(l). Suppose 0*r - 4*r = -4. Calculate k(r).
-6
Let r(u) = u**3 - 5*u**2 - 5*u - 8. Suppose -5*h - 43 = -103. Suppose 3*v - v - h = 0. Give r(v).
-2
Let b be 3/(-3) - (-1 - -15). Let w = b - -9. Let j(t) = t**2 + 7*t + 5. What is j(w)?
-1
Let c(f) = -2*f + 2. Suppose 2*o + 8 = -3*o + 4*m, -m = -4*o - 13. Give c(o).
10
Let r(h) be the second derivative of h**4/12 - h**3/6 - h. Suppose -5*l - 2*c = -2 - 3, -2*c + 15 = -5*l. Calculate r(l).
2
Let d = 72 - 68. Let l(o) = -3 + o - 2 + 0*o. What is l(d)?
-1
Let w(c) be the second derivative of c**3/2 + 7*c**2/2 - 13*c. Determine w(-6).
-11
Let q be 12/18*(-4 - -1). Let b(k) be the third derivative of -k**6/120 - k**5/60 + k**3/6 + 3*k**2. Determine b(q).
5
Let v = -8 + 14. Let u(w) = w - 13. What is u(v)?
-7
Let p(u) be the second derivative of -u**5/20 - 5*u**4/12 + 2*u**2 + 16*u. Give p(-5).
4
Let m(w) = -w + 5. Let d be m(5). Let j(p) = 6*p**3 - p**2 - 4. Let c(l) = 5*l**3 - l**2 - 3. Let h(n) = -5*c(n) + 4*j(n). Determine h(d).
-1
Let s be (-92)/28 - (-4)/14. Let a(g) = g**2 + 5*g + 3. Give a(s).
-3
Let j(r) = -2*r. Let u(c) = -c**2 - 2*c + 1. Let l(d) = d - 5 - 4 + 1. Let s be l(5). Let h be u(s). What is j(h)?
4
Let y(h) = h. Suppose 0 = -4*g - 2*u - 2, -8 = 2*u - 2. Calculate y(g).
1
Let i(r) = r**3 - 2*r**2 - 5*r + 4. Let q = 59 - 56. Give i(q).
-2
Suppose m - 2*d + 6 = 0, -6*d + 20 = 4*m - 3*d. Suppose 0 = -3*b + m*b + 4. Let p(u) = 1 - 3*u**2 - 2*u - 3*u + u**3 + 0. Determine p(b).
-3
Let l(p) = -2*p - 1. Suppose 2*y = 3*a - 14, 5*y = 5*a - 3*a - 24. Suppose 4*g = a - 14. What is l(g)?
5
Let g(u) = u**2 - 5*u - 2. Let f(d) = d**2 + d - 1. Let y be (-6)/(-4)*8/3. Suppose -o + 1 = y. Let m be f(o). Give g(m).
-2
Let a(l) = 4*l**2 - 8*l. Let p(g) = g**2 - g. Let r(n) = a(n) - 6*p(n). Let k be (1 - 2) + (-3)/3. Calculate r(k).
-4
Let w(l) = -l - 1. Suppose 4*n = 7*n. Suppose 4*i + n*i = 0. Determine w(i).
-1
Let q(j) = -3*j**2 + j. Let i be 3/(-9)*-3 - 9. Let s be 10/(-6) - i/12. Give q(s).
-4
Let p(l) = -2*l**2 + 6*l + 5. Let j(y) = -y**2. Let q(m) = 3*j(m) - p(m). Let n be -36*(2 - 3/2). Let f be ((-4)/3)/((-6)/n). Give q(f).
3
Let d be (18/15)/((-3)/40). Let f = d - -13. Let k(m) = m - 1. What is k(f)?
-4
Suppose -3*u + 98 = -55. Let l be (-4)/6 - u/(-9). Let i(k) = 6*k - l + 2 - k**2 + 2. Determine i(5).
4
Let k(p) be the second derivative of p**3/6 - 3*p**2 - 15*p. Give k(5).
-1
Let t(d) = -d**2 - d + 2. Let c be (-18)/12*2 - (-1 + -4). What is t(c)?
-4
Let b(z) be the first derivative of -z**3/3 - 7*z**2/2 - 2*z + 18. Calculate b(-3).
10
Let v(w) = -1 - 8 - w - w. Let h be (6/24)/((-2)/(-16)). Suppose 0 = -g - h*o + 5*o - 21, 4*g - 5*o = -49. What is v(g)?
3
Let x(h) = -3*h - 13. Suppose 5*y + 3*b - 5*b = -30, 5*b - 45 = 5*y. Let m(i) = i + 1. Let j(c) = y*m(c) - x(c). Let l be 10/2 + (2 - 2). Determine j(l).
4
Let o(j) = -5*j**2 - j**3 - 13 - j + 28 - 13 - 4. What is o(-3)?
-17
Let c(x) = x**3 - 2*x**2 - 4*x + 3. Let f(z) = z**3 - 2*z**2 - 4*z + 4. Let w(q) = 4*c(q) - 3*f(q). Determine w(3).
-3
Let y(m) = -2*m + 5. Let g be (-4*1)/(2/(-1)). Suppose 4*u = 3*s + 1, g*s + 14 = u + 4*s. Suppose u*c = -3*f + 31, -2*f + c + 18 = 3*c. What is y(f)?
-5
Let i(m) = 0 - 4*m + 4 + 3*m. Let j = 10 - 5. Calculate i(j).
-1
Suppose 2*n - 1 = 5*n + 4*q, 4*n - 3*q - 32 = 0. Let x(o) = -o**3 + 6*o**2 - 4*o - 5. Give x(n).
0
Let b(a) = -5*a**2 - 1 - 5 + a**2 + a**3 + 2*a. Let h be 0/(2*2/(-4)). Let y = h - -4. Determine b(y).
2
Let z(q) be the second derivative of -q**4/12 + 2*q**3/3 - q**2/2 - 8*q. Determine z(3).
2
Let b(t) = 5*t**2 + 2*t + 1. Let w(f) = -f - 3. Let n be w(3). Let j(d) = -2*d**2 + 2*d**2 + d**2. Let g(h) = n*j(h) + b(h). What is g(2)?
1
Let x(d) = -d. Let w be 0/(-5)*(-2)/(-2). Let p be 2 + w - (-2 - -3). What is x(p)?
-1
Let m(n) = -n - 13. Let k be m(-6). Let y = k - -11. Suppose 6*z + y = 2*z. Let f(j) = j + 1. What is f(z)?
0
Suppose -6 = 3*g, 11*g = 4*m + 8*g + 10. Let o(r) = r**3 + 4*r**2 - 4*r - 4. Give o(m).
12
Let h(a) = -5*a**2 + a - 7. Let d(t) = t**2 - t + 1. Let c(q) = 2*d(q) + h(q). Let v(w) be the first derivative of c(w). Determine v(-1).
5
Let n(p) = 2*p. Suppose 5*f + 15 = -x, -x + 2*f - 2 = -3*x. Suppose x*o - 13 + 6 = -c, 5*c + 25 = 5*o. Calculate n(o).
4
Let x(p) = p**2 + 3*p + 5*p - 3*p + 3. Let q(c) = -c**3 - 4*c**2 - 4. Let n be q(-4). Give x(n).
-1
Let d(j) be the first derivative of -j**4/4 - 2*j**3 - j**2/2 - 2*j + 2. What is d(-6)?
4
Let r(a) = 5*a**3 - 5*a**2 - 2*a - 29. Let d(z) = -3*z**3 + 3*z**2 + z + 14. Let v(h) = -7*d(h) - 4*r(h). Calculate v(0).
18
Let m(p) = -p - 2. Let q = 40 + -25. Suppose -3*i - 4*r + 13 = 0, -2*i = -6*i - 3*r + q. Suppose w + 4 = i. Give m(w).
-1
Let m(f) = 2*f**2 - 3*f - 4. Let t be (-14)/(-2) - (5 + -3). Suppose t*r = -0*r + 15. What is m(r)?
5
Let h(a) = -a**3 - 6*a**2 -